{"id":136,"date":"2014-02-03T10:03:23","date_gmt":"2014-02-03T08:03:23","guid":{"rendered":"http:\/\/www.ronermusic.de\/wordpress7\/?page_id=136"},"modified":"2022-05-29T16:59:58","modified_gmt":"2022-05-29T14:59:58","slug":"136-2","status":"publish","type":"page","link":"https:\/\/www.ronermusic.de\/wordpress7\/136-2\/","title":{"rendered":"Kontakt"},"content":{"rendered":"<div class=\"clear\"><\/div><h3 class=\"featured_article_title\">Kontakt<\/h3><div class=\"space margin-b20\"><\/div><p><i class=\"decs_text\">\n<p>Sie erreichen uns<\/p>\n<p><strong>Per E-Mail<\/strong><br \/>\nEmail: info@erlach-erleben.de<br \/>\n<strong>oder\u00a0 senden Sie uns gleich eine Nachricht<\/strong><\/p>\n<\/i><\/p>\n\t\t<!-- contact form -->\n\t\t<div class=\"contact_form dynamic-class-213050\" data-rt-animate=\"animate\" data-rt-animation-type=\"fadeInDown\" data-rt-animation-group=\"single\">\n\t\t<div class=\"clear\"><\/div><div class=\"result\"><\/div>\n\t\t\t<form action=\"#\" name=\"contact_form\" class=\"validate_form rt_form\" method=\"post\" role=\"form\" >\n\t\t\t\t<ul>\n\t\t\t\t\t<li><label for=\"name\">Your Name: (*)<\/label><input id=\"name\" type=\"text\" name=\"name\" value=\"\" class=\"required\" \/> <\/li>\n\t\t\t\t\t<li><label for=\"email\">Your Email: (*)<\/label><input id=\"email\" type=\"text\" name=\"email\" value=\"\" class=\"required email\" \/> <\/li>\n\t\t\t\t\t<li><label for=\"message\">Your Message: (*)<\/label><textarea id=\"message\" name=\"message\" rows=\"8\" cols=\"40\" class=\"required\"><\/textarea><\/li>\n\t\t\t\t\t<li class=\"security-question\"><label class=\"math_label\" for=\"math\">Security Question:<\/label>7 + 79 = <input id=\"math\" placeholder=\"?\" type=\"text\" name=\"math\" value=\"\" class=\"required\" \/><\/li>\n\t\t\t\t\t<li>\n\t\t\t\t\t<input type=\"hidden\" name=\"your_email\" value=\"cm9uYWxkLmplbmtuZXJAd2ViLmRl\">\n\t\t\t\t\t<input type=\"hidden\" name=\"dynamic_class\" value=\"dynamic-class-213050\">\n\t\t\t\t\t<input type=\"hidden\" name=\"rt_form_data\" value=\"ODY=\">\n\t\t\t\t\t<input type=\"submit\" class=\"button\" value=\"Send\"  \/><span class=\"loading\"><\/span><\/li>\n\t\t\t\t<\/ul>\n\t\t\t<\/form>\n\t\t<\/div><div class=\"clear\"><\/div>\n\t\t<!-- \/contact form -->\n\t\n<form action=\"http:\/\/www.ronermusic.de\/responder\/action\/subscribe.php\" method=\"post\">\n<div style=\"border: 1px solid #999; background-color: #fff; -moz-border-radius: 6px; -webkit-border-radius: 6px; border-radius: 6px; padding: 20px; width: 300px; text-align: center;\">So finden Sie ganz leicht zu uns<\/div>\n<\/form>\n<h3>Anfahrt<\/h3>\n<div style=\"width: 400px;\"><iframe loading=\"lazy\" src=\"http:\/\/regiohelden.de\/google-maps\/map.php?width=400&amp;height=300&amp;hl=de&amp;q=97199%20Erlach+(Erlach)&amp;ie=UTF8&amp;t=&amp;z=14&amp;iwloc=A&amp;output=embed\" width=\"400\" height=\"300\" frameborder=\"0\" marginwidth=\"0\" marginheight=\"0\" scrolling=\"no\"><\/iframe><br \/>\n<span style=\"font-size: 9px;\"><a style=\"font-size: 9px;\" href=\"http:\/\/www.regiohelden.de\/google-maps\/\">Google Maps Generator<\/a> by <a style=\"font-size: 9px;\" href=\"http:\/\/www.regiohelden.de\/\">RegioHelden<\/a><\/span><\/div>\n<h5>Wir freuen uns, Sie bald begr\u00fc\u00dfen zu d\u00fcrfen!<\/h5>\n","protected":false},"excerpt":{"rendered":"<p>So finden Sie ganz leicht zu uns Anfahrt Google Maps Generator by RegioHelden Wir freuen uns, Sie bald begr\u00fc\u00dfen zu d\u00fcrfen!<\/p>\n","protected":false},"author":1,"featured_media":0,"parent":0,"menu_order":0,"comment_status":"closed","ping_status":"closed","template":"","meta":{"footnotes":""},"_links":{"self":[{"href":"https:\/\/www.ronermusic.de\/wordpress7\/wp-json\/wp\/v2\/pages\/136"}],"collection":[{"href":"https:\/\/www.ronermusic.de\/wordpress7\/wp-json\/wp\/v2\/pages"}],"about":[{"href":"https:\/\/www.ronermusic.de\/wordpress7\/wp-json\/wp\/v2\/types\/page"}],"author":[{"embeddable":true,"href":"https:\/\/www.ronermusic.de\/wordpress7\/wp-json\/wp\/v2\/users\/1"}],"replies":[{"embeddable":true,"href":"https:\/\/www.ronermusic.de\/wordpress7\/wp-json\/wp\/v2\/comments?post=136"}],"version-history":[{"count":27,"href":"https:\/\/www.ronermusic.de\/wordpress7\/wp-json\/wp\/v2\/pages\/136\/revisions"}],"predecessor-version":[{"id":1745,"href":"https:\/\/www.ronermusic.de\/wordpress7\/wp-json\/wp\/v2\/pages\/136\/revisions\/1745"}],"wp:attachment":[{"href":"https:\/\/www.ronermusic.de\/wordpress7\/wp-json\/wp\/v2\/media?parent=136"}],"curies":[{"name":"wp","href":"https:\/\/api.w.org\/{rel}","templated":true}]}}