{"id":14,"date":"2010-12-05T00:01:29","date_gmt":"2010-12-05T00:01:29","guid":{"rendered":"http:\/\/www.ronermusic.de\/wordpress\/?page_id=14"},"modified":"2025-12-06T20:38:50","modified_gmt":"2025-12-06T20:38:50","slug":"ronerpictures","status":"publish","type":"page","link":"https:\/\/www.ronermusic.de\/?page_id=14","title":{"rendered":"RONERpictures"},"content":{"rendered":"<h5><span style=\"color: #333333;\">Obwohl das eindeutige Augenmerk wieder auf RONERmusic liegt besteht die M\u00f6glichkeit, dass ein oder andere<\/span><span style=\"color: #333333;\"> in Bild und Ton, f\u00fcr die Nachwelt, f\u00fcr Freunde &#8230;.. fest zu halten.<\/span><\/h5>\n<h5>\u00a0<\/h5>\n<h5>\u00a0<\/h5>\n\n\n<p><\/p>\n","protected":false},"excerpt":{"rendered":"<p>Obwohl das eindeutige Augenmerk wieder auf RONERmusic liegt besteht die M\u00f6glichkeit, dass ein oder andere in Bild und Ton, f\u00fcr die Nachwelt, f\u00fcr Freunde &#8230;.. fest zu halten. \u00a0 \u00a0<\/p>\n","protected":false},"author":1,"featured_media":0,"parent":0,"menu_order":0,"comment_status":"closed","ping_status":"closed","template":"","meta":{"footnotes":""},"class_list":["post-14","page","type-page","status-publish","hentry"],"_links":{"self":[{"href":"https:\/\/www.ronermusic.de\/index.php?rest_route=\/wp\/v2\/pages\/14","targetHints":{"allow":["GET"]}}],"collection":[{"href":"https:\/\/www.ronermusic.de\/index.php?rest_route=\/wp\/v2\/pages"}],"about":[{"href":"https:\/\/www.ronermusic.de\/index.php?rest_route=\/wp\/v2\/types\/page"}],"author":[{"embeddable":true,"href":"https:\/\/www.ronermusic.de\/index.php?rest_route=\/wp\/v2\/users\/1"}],"replies":[{"embeddable":true,"href":"https:\/\/www.ronermusic.de\/index.php?rest_route=%2Fwp%2Fv2%2Fcomments&post=14"}],"version-history":[{"count":32,"href":"https:\/\/www.ronermusic.de\/index.php?rest_route=\/wp\/v2\/pages\/14\/revisions"}],"predecessor-version":[{"id":1206,"href":"https:\/\/www.ronermusic.de\/index.php?rest_route=\/wp\/v2\/pages\/14\/revisions\/1206"}],"wp:attachment":[{"href":"https:\/\/www.ronermusic.de\/index.php?rest_route=%2Fwp%2Fv2%2Fmedia&parent=14"}],"curies":[{"name":"wp","href":"https:\/\/api.w.org\/{rel}","templated":true}]}}